mmon divisor of 12 and 1668?
12
Calculate the highest common divisor of 384 and 1440.
96
Calculate the greatest common factor of 2 and 2.
2
Calculate the greatest common divisor of 4 and 128.
4
What is the greatest common divisor of 45 and 2259?
9
What is the greatest common factor of 138 and 299?
23
Calculate the highest common factor of 10060 and 20.
20
What is the greatest common factor of 100 and 4?
4
What is the greatest common factor of 154 and 3058?
22
Calculate the highest common divisor of 23 and 11.
1
What is the greatest common factor of 54 and 360?
18
What is the greatest common divisor of 164 and 4?
4
What is the highest common factor of 21 and 1?
1
Calculate the greatest common factor of 19346 and 34.
34
Calculate the greatest common factor of 9 and 7740.
9
Calculate the greatest common divisor of 42 and 3.
3
Calculate the greatest common divisor of 35 and 1715.
35
What is the greatest common divisor of 374 and 66?
22
What is the highest common factor of 2212 and 252?
28
Calculate the greatest common factor of 124965 and 15.
15
Calculate the highest common factor of 10464 and 32.
32
Calculate the greatest common factor of 162 and 1026.
54
What is the greatest common divisor of 64 and 512?
64
Calculate the greatest common factor of 1519 and 248.
31
Calculate the greatest common factor of 270 and 36.
18
Calculate the highest common factor of 512 and 4.
4
What is the highest common factor of 30 and 375?
15
What is the greatest common divisor of 240 and 165?
15
What is the highest common factor of 80 and 65?
5
Calculate the highest common factor of 210 and 770.
70
Calculate the greatest common divisor of 33384 and 624.
312
Calculate the highest common divisor of 2360 and 40.
40
Calculate the highest common divisor of 78 and 208.
26
What is the greatest common factor of 9845 and 55?
55
What is the highest common factor of 1392 and 768?
48
Calculate the greatest common divisor of 598 and 92.
46
Calculate the highest common factor of 230 and 138.
46
What is the highest common factor of 64 and 576?
64
Calculate the greatest common divisor of 808 and 32.
8
Calculate the highest common divisor of 33614 and 14.
14
Calculate the highest common divisor of 885 and 15.
15
Calculate the greatest common divisor of 3 and 183.
3
What is the highest common factor of 282 and 384?
6
What is the highest common divisor of 368 and 304?
16
Calculate the greatest common divisor of 549 and 1952.
61
Calculate the greatest common factor of 41 and 41.
41
Calculate the highest common divisor of 416 and 224.
32
What is the highest common divisor of 11749 and 31?
31
Calculate the highest common divisor of 74 and 2997.
37
What is the greatest common divisor of 4435 and 5?
5
Calculate the greatest common factor of 135 and 2889.
27
What is the highest common divisor of 6012 and 60?
12
What is the highest common divisor of 92 and 529?
23
What is the greatest common factor of 48 and 636?
12
Calculate the greatest common divisor of 24 and 1052.
4
What is the greatest common divisor of 5751 and 2130?
213
Calculate the highest common divisor of 891 and 132.
33
What is the greatest common divisor of 200 and 152?
8
What is the highest common factor of 20 and 15?
5
What is the highest common factor of 13225 and 25?
25
What is the greatest common divisor of 1903 and 692?
173
What is the highest common divisor of 13611 and 156?
39
What is the highest common divisor of 135 and 420?
15
Calculate the highest common factor of 1848 and 297.
33
Calculate the highest common factor of 481 and 1521.
13
Calculate the greatest common factor of 570 and 4218.
114
What is the highest common divisor of 14 and 119?
7
What is the greatest common divisor of 146 and 9782?
146
What is the highest common factor of 97 and 11737?
97
What is the greatest common divisor of 81 and 1134?
81
Calculate the highest common factor of 25 and 250.
25
Calculate the highest common divisor of 1902 and 12.
6
Calculate the greatest common factor of 706 and 1059.
353
What is the greatest common factor of 17 and 1666?
17
What is the greatest common divisor of 2574 and 1170?
234
What is the highest common divisor of 657 and 9?
9
Calculate the greatest common factor of 140 and 160.
20
What is the greatest common divisor of 48 and 40?
8
What is the highest common factor of 40 and 130?
10
Calculate the greatest common divisor of 171 and 108.
9
Calculate the highest common divisor of 2611 and 7.
7
Calculate the highest common divisor of 5 and 101.
1
What is the greatest common divisor of 104 and 15236?
52
Calculate the highest common factor of 39 and 2379.
39
Calculate the highest common divisor of 26 and 14326.
26
What is the highest common factor of 287 and 105?
7
What is the greatest common factor of 126 and 162?
18
What is the greatest common factor of 1083 and 57?
57
What is the highest common factor of 306 and 6579?
153
What is the greatest common factor of 22022 and 546?
182
What is the highest common factor of 104 and 19864?
104
Calculate the greatest common factor of 88 and 946.
22
What is the greatest common factor of 192 and 3?
3
What is the highest common factor of 78273 and 27?
27
Calculate the greatest common factor of 40 and 60.
20
What is the highest common factor of 2106 and 26?
26
Calculate the greatest common divisor of 177 and 3481.
59
What is the greatest common factor of 105 and 15?
15
Calculate the greatest common divisor of 309 and 24.
3
What is the highest common factor of 1765 and 6354?
353
Calculate the highest common factor of 74 and 2.
2
Calculate the highest common factor of 2 and 134.
2
What is the highest common divisor of 1020 and 540?
60
Calculate the highest common factor of 525 and 8575.
175
What is the highest common divisor of 1095 and 146?
73
Calculate the highest common factor of 17 and 32113.
17
What is the greatest common factor of 228 and 1938?
114
Calculate the greatest common divisor of 14348 and 68.
68
What is the greatest common divisor of 90 and 2900?
10
What is the highest common divisor of 180 and 3720?
60
What is the highest common factor of 1980 and 45?
45
What is the highest common divisor of 2006 and 472?
118
What is the highest common divisor of 66 and 374?
22
What is the greatest common divisor of 327 and 3?
3
Calculate the greatest common divisor of 480 and 4000.
160
What is the greatest common factor of 52 and 5044?
52
What is the highest common factor of 105 and 60?
15
What is the highest common factor of 50 and 10?
10
Calculate the greatest common factor of 10 and 34.
2
What is the highest common factor of 88 and 308?
44
What is the greatest common divisor of 46 and 1472?
46
Calculate the greatest common divisor of 294 and 1274.
98
Calculate the greatest common divisor of 138 and 12.
6
Calculate the greatest common divisor of 77 and 11.
11
What is the greatest common factor of 175 and 14?
7
What is the greatest common factor of 6008 and 8?
8
What is the greatest common divisor of 388 and 400?
4
What is the greatest common divisor of 8 and 44?
4
Calculate the greatest common divisor of 3355 and 55.
55
Calculate the greatest common factor of 53 and 36358.
53
What is the greatest common factor of 9088 and 48?
16
Calculate the greatest common factor of 8218 and 14.
14
Calculate the greatest common divisor of 150 and 3025.
25
What is the greatest common divisor of 539 and 147?
49
Calculate the highest common factor of 39 and 36.
3
Calculate the highest common factor of 5287 and 34.
17
Calculate the highest common divisor of 510 and 2958.
102
Calculate the greatest common factor of 364 and 140.
28
What is the highest common divisor of 84 and 60?
12
Calculate the greatest common divisor of 83 and 1328.
83
What is the greatest common divisor of 5621 and 292?
73
What is the highest common divisor of 37 and 2479?
37
What is the greatest common factor of 82 and 287?
41
Calculate the highest common divisor of 10 and 700.
10
Calculate the highest common divisor of 296 and 259.
37
What is the highest common factor of 8 and 8?
8
Calculate the highest common factor of 89768 and 392.
392
What is the highest common divisor of 808 and 3434?
202
What is the greatest common divisor of 507 and 819?
39
What is the greatest common factor of 2120 and 10?
10
Calculate the greatest c